{"id":141,"date":"2021-08-09T23:03:10","date_gmt":"2021-08-10T02:03:10","guid":{"rendered":"https:\/\/bellocard.com.br\/?page_id=141"},"modified":"2021-08-10T10:56:58","modified_gmt":"2021-08-10T13:56:58","slug":"refeicao","status":"publish","type":"page","link":"https:\/\/bellocard.com.br\/index.php\/refeicao\/","title":{"rendered":"Refei\u00e7\u00e3o"},"content":{"rendered":"\n<h2 class=\"wp-block-heading\">Conhe\u00e7a nosso Cart\u00e3o Refei\u00e7\u00e3o<\/h2>\n\n\n\n<hr class=\"wp-block-separator\"\/>\n\n\n\n<figure class=\"wp-block-image size-large\"><img decoding=\"async\" width=\"1024\" height=\"655\" src=\"https:\/\/bellocard.com.br\/wp-content\/uploads\/2021\/08\/refeicao01-1024x655.jpg\" alt=\"\" class=\"wp-image-178\" srcset=\"https:\/\/bellocard.com.br\/wp-content\/uploads\/2021\/08\/refeicao01-1024x655.jpg 1024w, https:\/\/bellocard.com.br\/wp-content\/uploads\/2021\/08\/refeicao01-300x192.jpg 300w, https:\/\/bellocard.com.br\/wp-content\/uploads\/2021\/08\/refeicao01-768x491.jpg 768w, https:\/\/bellocard.com.br\/wp-content\/uploads\/2021\/08\/refeicao01-1536x982.jpg 1536w, https:\/\/bellocard.com.br\/wp-content\/uploads\/2021\/08\/refeicao01.jpg 2010w\" sizes=\"(max-width: 1024px) 100vw, 1024px\" \/><\/figure>\n\n\n\n<p>&#8211; Elimina Tickets;<\/p>\n\n\n\n<p>&#8211; Aceito em Restaurantes, Lanchonetes e Padarias;<\/p>\n\n\n\n<p>&#8211; Controle de Gastos, extratos e Saldos;<\/p>\n","protected":false},"excerpt":{"rendered":"<p>Conhe\u00e7a nosso Cart\u00e3o Refei\u00e7\u00e3o &#8211; Elimina Tickets; &#8211; Aceito em Restaurantes, Lanchonetes e Padarias; &#8211; Controle de Gastos, extratos e Saldos;<\/p>\n","protected":false},"author":1,"featured_media":0,"parent":0,"menu_order":0,"comment_status":"closed","ping_status":"closed","template":"","meta":{"footnotes":""},"class_list":["post-141","page","type-page","status-publish","hentry"],"_links":{"self":[{"href":"https:\/\/bellocard.com.br\/index.php\/wp-json\/wp\/v2\/pages\/141","targetHints":{"allow":["GET"]}}],"collection":[{"href":"https:\/\/bellocard.com.br\/index.php\/wp-json\/wp\/v2\/pages"}],"about":[{"href":"https:\/\/bellocard.com.br\/index.php\/wp-json\/wp\/v2\/types\/page"}],"author":[{"embeddable":true,"href":"https:\/\/bellocard.com.br\/index.php\/wp-json\/wp\/v2\/users\/1"}],"replies":[{"embeddable":true,"href":"https:\/\/bellocard.com.br\/index.php\/wp-json\/wp\/v2\/comments?post=141"}],"version-history":[{"count":4,"href":"https:\/\/bellocard.com.br\/index.php\/wp-json\/wp\/v2\/pages\/141\/revisions"}],"predecessor-version":[{"id":180,"href":"https:\/\/bellocard.com.br\/index.php\/wp-json\/wp\/v2\/pages\/141\/revisions\/180"}],"wp:attachment":[{"href":"https:\/\/bellocard.com.br\/index.php\/wp-json\/wp\/v2\/media?parent=141"}],"curies":[{"name":"wp","href":"https:\/\/api.w.org\/{rel}","templated":true}]}}